{"id":6,"date":"2023-01-12T07:36:41","date_gmt":"2023-01-12T06:36:41","guid":{"rendered":"https:\/\/zen2050maintenant.fr\/?page_id=6"},"modified":"2025-11-01T11:10:52","modified_gmt":"2025-11-01T10:10:52","slug":"a-propos-de","status":"publish","type":"page","link":"https:\/\/zen2050maintenant.fr\/","title":{"rendered":"Notre mission"},"content":{"rendered":"\n<h2 class=\"wp-block-heading\">Balade thermique<\/h2>\n\n\n\n<p>Si vous participez \u00e0 une balade thermique, merci d'utiliser <a href=\"https:\/\/form.jotform.com\/231293490557360\" target=\"_blank\" rel=\"noreferrer noopener\">ce formulaire<\/a> au moment de la visite pour visionner les images<\/p>\n\n\n\n<h2 class=\"wp-block-heading\">Printemps des transitions<\/h2>\n\n\n\n<p><strong>Les <strong>16 et 17 Mai 2025<\/strong>, le Printemps des transitions organis\u00e9 par la ville de Sceaux, a \u00e9t\u00e9 l'occasion de belles rencontres.<\/strong> <\/p>\n\n\n\n<p><\/p>\n\n\n\n<div class=\"wp-block-buttons is-content-justification-center is-layout-flex wp-container-core-buttons-layout-1 wp-block-buttons-is-layout-flex\"><\/div>\n\n\n\n<hr class=\"wp-block-separator has-alpha-channel-opacity\"\/>\n\n\n\n<h1 class=\"wp-block-heading\">Z.E.N. 2050 maintenant<\/h1>\n\n\n\n<div class=\"wp-block-columns has-white-background-color has-background is-layout-flex wp-container-core-columns-layout-1 wp-block-columns-is-layout-flex\">\n<div class=\"wp-block-column is-layout-flow wp-block-column-is-layout-flow\" style=\"flex-basis:66.66%\">\n<p>Contribuer de mani\u00e8re significative \u00e0 la r\u00e9duction locale de nos \u00e9missions de gaz \u00e0 effet de serre et de notre empreinte carbone. <\/p>\n\n\n\n<p>Concret: \u00e0 travers des projets pr\u00e9cis, ouverts \u00e0 tous, ins\u00e9r\u00e9s dans les plans climat des collectivit\u00e9s territoriales<\/p>\n\n\n\n<p>Local: dans un premier temps un ensemble de communes du sud des Hauts-de-seine et de l'ouest du Val-de-Marne : Sceaux, Cachan, Ch\u00e2tenay-Malabry, Fontenay aux Roses,&nbsp;Bourg la Reine, Bagneux et&nbsp;Antony<\/p>\n<\/div>\n\n\n\n<div class=\"wp-block-column is-layout-flow wp-block-column-is-layout-flow\" style=\"flex-basis:33.33%\">\n<figure class=\"wp-block-image size-full\"><img decoding=\"async\" width=\"564\" height=\"372\" src=\"https:\/\/i0.wp.com\/zen2050maintenant.fr\/http:\/\/zen2050maintenant.fr\/wp-content\/uploads\/2023\/02\/capt1.jpg?resize=564%2C372&#038;ssl=1\" alt=\"\" class=\"wp-image-266\" srcset=\"https:\/\/i0.wp.com\/zen2050maintenant.fr\/wp-content\/uploads\/2023\/02\/capt1.jpg?w=564&amp;ssl=1 564w, https:\/\/i0.wp.com\/zen2050maintenant.fr\/wp-content\/uploads\/2023\/02\/capt1.jpg?resize=300%2C198&amp;ssl=1 300w\" sizes=\"(max-width: 564px) 100vw, 564px\" data-recalc-dims=\"1\" \/><\/figure>\n<\/div>\n<\/div>\n\n\n\n<div class=\"wp-block-columns is-layout-flex wp-container-core-columns-layout-2 wp-block-columns-is-layout-flex\">\n<div class=\"wp-block-column is-layout-flow wp-block-column-is-layout-flow\">\n<h2 class=\"wp-block-heading\"><strong>Des projets<\/strong><\/h2>\n\n\n\n<ul>\n<li>Balades thermiques: identifier les pertes de chaleur des logements avec une cam\u00e9ra<\/li>\n\n\n\n<li>Instruire la mise en oeuvre d'un r\u00e9seau de g\u00e9othermie \u00e0 Fontenay, Bourg la Reine et Sceaux<\/li>\n\n\n\n<li>Un bilan carbone<em> <\/em>pour mon campus&nbsp;: accompagner les lyc\u00e9ens de nos villes dans l'\u00e9tablissement d'un bilan carbone de leur lyc\u00e9e<\/li>\n<\/ul>\n<\/div>\n\n\n\n<div class=\"wp-block-column is-layout-flow wp-block-column-is-layout-flow\" style=\"flex-basis:120px\">\n<figure class=\"wp-block-image size-full\"><img decoding=\"async\" width=\"136\" height=\"192\" src=\"https:\/\/i0.wp.com\/zen2050maintenant.fr\/wp-content\/uploads\/2023\/02\/capt3.jpg?resize=136%2C192&#038;ssl=1\" alt=\"\" class=\"wp-image-280\" data-recalc-dims=\"1\"\/><\/figure>\n<\/div>\n\n\n\n<div class=\"wp-block-column is-layout-flow wp-block-column-is-layout-flow\" style=\"flex-basis:200px\">\n<figure class=\"wp-block-image size-full is-resized\"><img decoding=\"async\" width=\"415\" height=\"211\" src=\"https:\/\/i0.wp.com\/zen2050maintenant.fr\/wp-content\/uploads\/2023\/09\/logo-IdF.png?resize=415%2C211&#038;ssl=1\" alt=\"\" class=\"wp-image-633\" style=\"width:281px;height:142px\" srcset=\"https:\/\/i0.wp.com\/zen2050maintenant.fr\/wp-content\/uploads\/2023\/09\/logo-IdF.png?w=415&amp;ssl=1 415w, https:\/\/i0.wp.com\/zen2050maintenant.fr\/wp-content\/uploads\/2023\/09\/logo-IdF.png?resize=300%2C153&amp;ssl=1 300w\" sizes=\"(max-width: 415px) 100vw, 415px\" data-recalc-dims=\"1\" \/><\/figure>\n<\/div>\n<\/div>\n\n\n\n<p><\/p>\n\n\n\n<h2 class=\"wp-block-heading\">Des partenariats<\/h2>\n\n\n\n<div class=\"wp-block-media-text is-stacked-on-mobile\" style=\"grid-template-columns:21% auto\"><figure class=\"wp-block-media-text__media\"><img decoding=\"async\" width=\"417\" height=\"257\" src=\"https:\/\/i0.wp.com\/zen2050maintenant.fr\/wp-content\/uploads\/2024\/01\/z50-part2.jpg?resize=417%2C257&#038;ssl=1\" alt=\"\" class=\"wp-image-656 size-full\" srcset=\"https:\/\/i0.wp.com\/zen2050maintenant.fr\/wp-content\/uploads\/2024\/01\/z50-part2.jpg?w=417&amp;ssl=1 417w, https:\/\/i0.wp.com\/zen2050maintenant.fr\/wp-content\/uploads\/2024\/01\/z50-part2.jpg?resize=300%2C185&amp;ssl=1 300w\" sizes=\"(max-width: 417px) 100vw, 417px\" data-recalc-dims=\"1\" \/><\/figure><div class=\"wp-block-media-text__content\">\n<p>avec les \u00e9coles: EPF, IUT de Sceaux, Cit\u00e9 Marie Curie de Sceaux, AJME <\/p>\n<\/div><\/div>\n\n\n\n<div class=\"wp-block-media-text is-stacked-on-mobile\" style=\"grid-template-columns:21% auto\"><figure class=\"wp-block-media-text__media\"><img decoding=\"async\" width=\"337\" height=\"203\" src=\"https:\/\/i0.wp.com\/zen2050maintenant.fr\/wp-content\/uploads\/2024\/01\/z50-part1.jpg?resize=337%2C203&#038;ssl=1\" alt=\"\" class=\"wp-image-655 size-full\" srcset=\"https:\/\/i0.wp.com\/zen2050maintenant.fr\/wp-content\/uploads\/2024\/01\/z50-part1.jpg?w=337&amp;ssl=1 337w, https:\/\/i0.wp.com\/zen2050maintenant.fr\/wp-content\/uploads\/2024\/01\/z50-part1.jpg?resize=300%2C181&amp;ssl=1 300w\" sizes=\"(max-width: 337px) 100vw, 337px\" data-recalc-dims=\"1\" \/><\/figure><div class=\"wp-block-media-text__content\">\n<p>avec les associations: Avenir Climatique, Edu Climat,  Association pour la transition Bas Carbone, Labo 1.5<\/p>\n<\/div><\/div>\n\n\n\n<h5 class=\"wp-block-heading has-text-align-center\">En savoir plus, poser une question<\/h5>\n\n\n\n<div class=\"wp-block-buttons is-content-justification-center is-layout-flex wp-container-core-buttons-layout-2 wp-block-buttons-is-layout-flex\">\n<div class=\"wp-block-button\"><a class=\"wp-block-button__link wp-element-button\" href=\"https:\/\/zen2050maintenant.fr\/index.php\/contact\/\">Contactez nous<\/a><\/div>\n<\/div>\n","protected":false},"excerpt":{"rendered":"<p>Balade thermique Si vous participez \u00e0 une balade thermique, merci d'utiliser ce formulaire au moment de la visite pour visionner les images Printemps des transitions Les 16 et 17 Mai 2025, le Printemps des transitions organis\u00e9 par la ville de Sceaux, a \u00e9t\u00e9 l'occasion de belles rencontres. Z.E.N. 2050 maintenant Contribuer de mani\u00e8re significative \u00e0 [&hellip;]<\/p>\n","protected":false},"author":1,"featured_media":0,"parent":0,"menu_order":1,"comment_status":"closed","ping_status":"closed","template":"","meta":{"footnotes":""},"yoast_head":"<!-- This site is optimized with the Yoast SEO plugin v21.7 - https:\/\/yoast.com\/wordpress\/plugins\/seo\/ -->\n<title>Notre mission - Zen 2050<\/title>\n<meta name=\"robots\" content=\"index, follow, max-snippet:-1, max-image-preview:large, max-video-preview:-1\" \/>\n<link rel=\"canonical\" href=\"https:\/\/zen2050maintenant.fr\/\" \/>\n<meta property=\"og:locale\" content=\"fr_FR\" \/>\n<meta property=\"og:type\" content=\"article\" \/>\n<meta property=\"og:title\" content=\"Notre mission - Zen 2050\" \/>\n<meta property=\"og:description\" content=\"Balade thermique Si vous participez \u00e0 une balade thermique, merci d&#039;utiliser ce formulaire au moment de la visite pour visionner les images Printemps des transitions Les 16 et 17 Mai 2025, le Printemps des transitions organis\u00e9 par la ville de Sceaux, a \u00e9t\u00e9 l&#039;occasion de belles rencontres. Z.E.N. 2050 maintenant Contribuer de mani\u00e8re significative \u00e0 [&hellip;]\" \/>\n<meta property=\"og:url\" content=\"https:\/\/zen2050maintenant.fr\/\" \/>\n<meta property=\"og:site_name\" content=\"Zen 2050\" \/>\n<meta property=\"article:modified_time\" content=\"2025-11-01T10:10:52+00:00\" \/>\n<meta property=\"og:image\" content=\"https:\/\/zen2050maintenant.fr\/http:\/\/zen2050maintenant.fr\/wp-content\/uploads\/2023\/02\/capt1.jpg\" \/>\n<meta name=\"twitter:card\" content=\"summary_large_image\" \/>\n<meta name=\"twitter:label1\" content=\"Dur\u00e9e de lecture estim\u00e9e\" \/>\n\t<meta name=\"twitter:data1\" content=\"3 minutes\" \/>\n<script type=\"application\/ld+json\" class=\"yoast-schema-graph\">{\"@context\":\"https:\/\/schema.org\",\"@graph\":[{\"@type\":\"WebPage\",\"@id\":\"https:\/\/zen2050maintenant.fr\/\",\"url\":\"https:\/\/zen2050maintenant.fr\/\",\"name\":\"Notre mission - Zen 2050\",\"isPartOf\":{\"@id\":\"https:\/\/zen2050maintenant.fr\/#website\"},\"datePublished\":\"2023-01-12T06:36:41+00:00\",\"dateModified\":\"2025-11-01T10:10:52+00:00\",\"breadcrumb\":{\"@id\":\"https:\/\/zen2050maintenant.fr\/#breadcrumb\"},\"inLanguage\":\"fr-FR\",\"potentialAction\":[{\"@type\":\"ReadAction\",\"target\":[\"https:\/\/zen2050maintenant.fr\/\"]}]},{\"@type\":\"BreadcrumbList\",\"@id\":\"https:\/\/zen2050maintenant.fr\/#breadcrumb\",\"itemListElement\":[{\"@type\":\"ListItem\",\"position\":1,\"name\":\"Accueil\",\"item\":\"https:\/\/zen2050maintenant.fr\/\"},{\"@type\":\"ListItem\",\"position\":2,\"name\":\"Notre mission\"}]},{\"@type\":\"WebSite\",\"@id\":\"https:\/\/zen2050maintenant.fr\/#website\",\"url\":\"https:\/\/zen2050maintenant.fr\/\",\"name\":\"Zen 2050 maintenant\",\"description\":\"Des actions locales et concr\u00e8tes vres la neutrali\u00e9 carbone en 2050\",\"publisher\":{\"@id\":\"https:\/\/zen2050maintenant.fr\/#organization\"},\"potentialAction\":[{\"@type\":\"SearchAction\",\"target\":{\"@type\":\"EntryPoint\",\"urlTemplate\":\"https:\/\/zen2050maintenant.fr\/?s={search_term_string}\"},\"query-input\":\"required name=search_term_string\"}],\"inLanguage\":\"fr-FR\"},{\"@type\":\"Organization\",\"@id\":\"https:\/\/zen2050maintenant.fr\/#organization\",\"name\":\"Zen 2050 maintenant\",\"url\":\"https:\/\/zen2050maintenant.fr\/\",\"logo\":{\"@type\":\"ImageObject\",\"inLanguage\":\"fr-FR\",\"@id\":\"https:\/\/zen2050maintenant.fr\/#\/schema\/logo\/image\/\",\"url\":\"https:\/\/i0.wp.com\/zen2050maintenant.fr\/wp-content\/uploads\/2023\/02\/logo.jpg?fit=261%2C186&ssl=1\",\"contentUrl\":\"https:\/\/i0.wp.com\/zen2050maintenant.fr\/wp-content\/uploads\/2023\/02\/logo.jpg?fit=261%2C186&ssl=1\",\"width\":261,\"height\":186,\"caption\":\"Zen 2050 maintenant\"},\"image\":{\"@id\":\"https:\/\/zen2050maintenant.fr\/#\/schema\/logo\/image\/\"}}]}<\/script>\n<!-- \/ Yoast SEO plugin. -->","yoast_head_json":{"title":"Notre mission - Zen 2050","robots":{"index":"index","follow":"follow","max-snippet":"max-snippet:-1","max-image-preview":"max-image-preview:large","max-video-preview":"max-video-preview:-1"},"canonical":"https:\/\/zen2050maintenant.fr\/","og_locale":"fr_FR","og_type":"article","og_title":"Notre mission - Zen 2050","og_description":"Balade thermique Si vous participez \u00e0 une balade thermique, merci d'utiliser ce formulaire au moment de la visite pour visionner les images Printemps des transitions Les 16 et 17 Mai 2025, le Printemps des transitions organis\u00e9 par la ville de Sceaux, a \u00e9t\u00e9 l'occasion de belles rencontres. Z.E.N. 2050 maintenant Contribuer de mani\u00e8re significative \u00e0 [&hellip;]","og_url":"https:\/\/zen2050maintenant.fr\/","og_site_name":"Zen 2050","article_modified_time":"2025-11-01T10:10:52+00:00","og_image":[{"url":"https:\/\/zen2050maintenant.fr\/http:\/\/zen2050maintenant.fr\/wp-content\/uploads\/2023\/02\/capt1.jpg"}],"twitter_card":"summary_large_image","twitter_misc":{"Dur\u00e9e de lecture estim\u00e9e":"3 minutes"},"schema":{"@context":"https:\/\/schema.org","@graph":[{"@type":"WebPage","@id":"https:\/\/zen2050maintenant.fr\/","url":"https:\/\/zen2050maintenant.fr\/","name":"Notre mission - Zen 2050","isPartOf":{"@id":"https:\/\/zen2050maintenant.fr\/#website"},"datePublished":"2023-01-12T06:36:41+00:00","dateModified":"2025-11-01T10:10:52+00:00","breadcrumb":{"@id":"https:\/\/zen2050maintenant.fr\/#breadcrumb"},"inLanguage":"fr-FR","potentialAction":[{"@type":"ReadAction","target":["https:\/\/zen2050maintenant.fr\/"]}]},{"@type":"BreadcrumbList","@id":"https:\/\/zen2050maintenant.fr\/#breadcrumb","itemListElement":[{"@type":"ListItem","position":1,"name":"Accueil","item":"https:\/\/zen2050maintenant.fr\/"},{"@type":"ListItem","position":2,"name":"Notre mission"}]},{"@type":"WebSite","@id":"https:\/\/zen2050maintenant.fr\/#website","url":"https:\/\/zen2050maintenant.fr\/","name":"Zen 2050 maintenant","description":"Des actions locales et concr\u00e8tes vres la neutrali\u00e9 carbone en 2050","publisher":{"@id":"https:\/\/zen2050maintenant.fr\/#organization"},"potentialAction":[{"@type":"SearchAction","target":{"@type":"EntryPoint","urlTemplate":"https:\/\/zen2050maintenant.fr\/?s={search_term_string}"},"query-input":"required name=search_term_string"}],"inLanguage":"fr-FR"},{"@type":"Organization","@id":"https:\/\/zen2050maintenant.fr\/#organization","name":"Zen 2050 maintenant","url":"https:\/\/zen2050maintenant.fr\/","logo":{"@type":"ImageObject","inLanguage":"fr-FR","@id":"https:\/\/zen2050maintenant.fr\/#\/schema\/logo\/image\/","url":"https:\/\/i0.wp.com\/zen2050maintenant.fr\/wp-content\/uploads\/2023\/02\/logo.jpg?fit=261%2C186&ssl=1","contentUrl":"https:\/\/i0.wp.com\/zen2050maintenant.fr\/wp-content\/uploads\/2023\/02\/logo.jpg?fit=261%2C186&ssl=1","width":261,"height":186,"caption":"Zen 2050 maintenant"},"image":{"@id":"https:\/\/zen2050maintenant.fr\/#\/schema\/logo\/image\/"}}]}},"jetpack_sharing_enabled":true,"jetpack-related-posts":[{"id":44,"url":"https:\/\/zen2050maintenant.fr\/index.php\/les-projets\/","url_meta":{"origin":6,"position":0},"title":"Nos projets (old)","author":"mipicard99@gmail.com","date":"18\/01\/2023","format":false,"excerpt":"Notre association Zen 2050 porte actuellement plusieurs projets. Les balades thermiques Un grand merci \u00e0 la R\u00e9gion Ile de France pour la subvention accord\u00e9e \u00e0 ce projet dans le budget participatif \u00e9cologique et solidaire\u00a0et \u00e0 tous les Franciliens qui ont par leur vote soutenu notre projet, le classant parmi les\u2026","rel":"","context":"Article similaire","block_context":{"text":"Article similaire","link":""},"img":{"alt_text":"","src":"https:\/\/i0.wp.com\/zen2050maintenant.fr\/wp-content\/uploads\/2023\/09\/logo-IdF.png?resize=350%2C200&ssl=1","width":350,"height":200},"classes":[]},{"id":42,"url":"https:\/\/zen2050maintenant.fr\/index.php\/lassociation\/","url_meta":{"origin":6,"position":1},"title":"Nos actions","author":"mipicard99@gmail.com","date":"18\/01\/2023","format":false,"excerpt":"Z.E.N. 2050, c'est Z\u00e9ro \u00c9missions Nettes de gaz \u00e0 effet de serre en 2050. C'est un engagement de l'ONU,\u00a0de l'Union Europ\u00e9enne, auquel la France a souscrit.Cet engagement est notamment repris par la Strat\u00e9gie Nationale Bas Carbone (SNBC), et localement\u00a0par le Plan Climat Air \u00c9nergie de nos territoires. Zen2050maintenant est une\u2026","rel":"","context":"Article similaire","block_context":{"text":"Article similaire","link":""},"img":{"alt_text":"","src":"","width":0,"height":0},"classes":[]},{"id":140,"url":"https:\/\/zen2050maintenant.fr\/index.php\/nos-projets-2\/les-balades-thermiques\/","url_meta":{"origin":6,"position":2},"title":"Les balades thermiques","author":"mipicard99@gmail.com","date":"31\/01\/2023","format":false,"excerpt":"Gr\u00e2ce \u00e0 une cam\u00e9ra infra-rouge acquise par notre association, avec l'aide de la R\u00e9gion Ile de France (Budget\u00a0participatif \u00e9cologique et solidaire), vous pourrez visualiser les pertes thermiques des b\u00e2timents, lors d'une balade effectu\u00e9e de nuit et de pr\u00e9f\u00e9rence en hiver. Inscrivez-vous \u00e0 une s\u00e9ance programm\u00e9e et vous pourrez participer \u00e0\u2026","rel":"","context":"Article similaire","block_context":{"text":"Article similaire","link":""},"img":{"alt_text":"","src":"","width":0,"height":0},"classes":[]},{"id":359,"url":"https:\/\/zen2050maintenant.fr\/index.php\/espace-abonnes\/gt-balades-thermiques\/","url_meta":{"origin":6,"position":3},"title":"GT Balades thermiques","author":"mipicard99@gmail.com","date":"27\/02\/2023","format":false,"excerpt":"Groupe \u00e0 acc\u00e8s restreint Prochaines r\u00e9unions \u00e0 compl\u00e9ter Documents Les documents finalis\u00e9s sont disponibles ici. On peut mettre beaucoup de types de docs, mais en lecture seule, exemple avec Powerpoint. Par contre, attention au volume et au temps de chargement initial. On peut aussi user et abuser des liens vers\u2026","rel":"","context":"Article similaire","block_context":{"text":"Article similaire","link":""},"img":{"alt_text":"","src":"","width":0,"height":0},"classes":[]},{"id":149,"url":"https:\/\/zen2050maintenant.fr\/index.php\/nos-projets-2\/les-partenariats-avec-lenseignement\/","url_meta":{"origin":6,"position":4},"title":"Les partenariats avec l'enseignement","author":"mipicard99@gmail.com","date":"31\/01\/2023","format":false,"excerpt":"Avec le groupe scolaire Marie-Curie, ZEN 2050 Maintenant a men\u00e9 le projet \u00ab\u00a0Ces thermies qui nous \u00e9chappent\u00a0\u00bb. Nous avons mis \u00e0 disposition de l\u2019\u00e9quipe de sciences la cam\u00e9ra infra-rouge, ce qui a permis au \u00e9l\u00e8ves de l\u2019ensemble des classes de premi\u00e8res scientifiques de travailler sur les pertes thermiques. Ce fut\u2026","rel":"","context":"Article similaire","block_context":{"text":"Article similaire","link":""},"img":{"alt_text":"","src":"https:\/\/i0.wp.com\/zen2050maintenant.fr\/wp-content\/uploads\/2023\/01\/epf.jpg?resize=350%2C200&ssl=1","width":350,"height":200,"srcset":"https:\/\/i0.wp.com\/zen2050maintenant.fr\/wp-content\/uploads\/2023\/01\/epf.jpg?resize=350%2C200&ssl=1 1x, https:\/\/i0.wp.com\/zen2050maintenant.fr\/wp-content\/uploads\/2023\/01\/epf.jpg?resize=525%2C300&ssl=1 1.5x, https:\/\/i0.wp.com\/zen2050maintenant.fr\/wp-content\/uploads\/2023\/01\/epf.jpg?resize=700%2C400&ssl=1 2x"},"classes":[]},{"id":170,"url":"https:\/\/zen2050maintenant.fr\/index.php\/nos-projets-2\/le-projet-de-geothermie-vallee-sud\/","url_meta":{"origin":6,"position":5},"title":"Un projet de g\u00e9othermie sur trois communes du territoire Vall\u00e9e Sud Grand Paris","author":"mipicard99@gmail.com","date":"02\/02\/2023","format":false,"excerpt":"\"De l\u2019eau chaude sous nos pieds\u2026\" Sous l\u2019\u00cele de France,LE DOGGER,Une couche de craie satur\u00e9eEN EAU CHAUDE Il suffit de creuser \u00e0 1800 m ! L\u2019association Z.E.N. 2050 Maintenant a \u00e9t\u00e9 force de conviction en pour que soit relanc\u00e9es les pr\u00e9-\u00e9tudes n\u00e9cessaires \u00e0 un projet de g\u00e9othermie sur les communes\u2026","rel":"","context":"Article similaire","block_context":{"text":"Article similaire","link":""},"img":{"alt_text":"","src":"https:\/\/i0.wp.com\/zen2050maintenant.fr\/wp-content\/uploads\/2023\/02\/geothermeie1.jpg?resize=350%2C200&ssl=1","width":350,"height":200,"srcset":"https:\/\/i0.wp.com\/zen2050maintenant.fr\/wp-content\/uploads\/2023\/02\/geothermeie1.jpg?resize=350%2C200&ssl=1 1x, https:\/\/i0.wp.com\/zen2050maintenant.fr\/wp-content\/uploads\/2023\/02\/geothermeie1.jpg?resize=525%2C300&ssl=1 1.5x, https:\/\/i0.wp.com\/zen2050maintenant.fr\/wp-content\/uploads\/2023\/02\/geothermeie1.jpg?resize=700%2C400&ssl=1 2x"},"classes":[]}],"_links":{"self":[{"href":"https:\/\/zen2050maintenant.fr\/index.php\/wp-json\/wp\/v2\/pages\/6"}],"collection":[{"href":"https:\/\/zen2050maintenant.fr\/index.php\/wp-json\/wp\/v2\/pages"}],"about":[{"href":"https:\/\/zen2050maintenant.fr\/index.php\/wp-json\/wp\/v2\/types\/page"}],"author":[{"embeddable":true,"href":"https:\/\/zen2050maintenant.fr\/index.php\/wp-json\/wp\/v2\/users\/1"}],"replies":[{"embeddable":true,"href":"https:\/\/zen2050maintenant.fr\/index.php\/wp-json\/wp\/v2\/comments?post=6"}],"version-history":[{"count":89,"href":"https:\/\/zen2050maintenant.fr\/index.php\/wp-json\/wp\/v2\/pages\/6\/revisions"}],"predecessor-version":[{"id":667,"href":"https:\/\/zen2050maintenant.fr\/index.php\/wp-json\/wp\/v2\/pages\/6\/revisions\/667"}],"wp:attachment":[{"href":"https:\/\/zen2050maintenant.fr\/index.php\/wp-json\/wp\/v2\/media?parent=6"}],"curies":[{"name":"wp","href":"https:\/\/api.w.org\/{rel}","templated":true}]}}